/60 - d**4/6 - 2*d**3/3 - 2*d**2. Suppose -2*j = -3*n + 17, -n - 40 = -j - 46. What are the prime factors of x(j)?
59
Suppose -728*u + 1567435 + 5581510 = -1724647. List the prime factors of u.
3, 17, 239
Suppose 2*w - 79 = -5*o, -o + w + 13 = -0*w. Let v be (3/(0 - -3))/((-1)/o). List the prime factors of (5/v)/1*(0 + -291).
97
Suppose -13599 = -16*a - 7631. Let p(q) = 16*q. Let s be p(6). Suppose -v - s = -a. List the prime factors of v.
277
Suppose 16*i - 5761 = 17*i. What are the prime factors of (6 - i/7) + 7?
2, 11, 19
Suppose g - 4*t = -4*g + 25, -3*t + 15 = 3*g. Suppose u = r - 1039, -55*r + 52*r + g*u = -3123. What are the prime factors of r?
2, 7, 37
Let i = -3436 + 9912. What are the prime factors of i?
2, 1619
Let b be 26/(-7 + -15*(-2)/6). List the prime factors of 7763/13 - (-2)/b.
3, 199
Suppose -2*n + 8 = -10*n. Let l be ((-7)/(-21))/(n/(-9)). Suppose -y - 299 = -2*m - l*m, 3*y - 106 = -2*m. What are the prime factors of m?
59
Suppose -2*f - 2*i + 62648 = 0, 2*i = 35*f - 32*f - 93952. List the prime factors of f.
2, 3, 5, 29
Suppose 0 = -38*a + 36*a - 6. Let u be 1/(a + 28/8). Suppose -u*h - 5*m = -72, 3*m - 3 - 3 = 0. List the prime factors of h.
31
Suppose 61*t + 1116 = 65*t. Let z be 2058/(-26) + -7 + t/39. Let p = z + 268. What are the prime factors of p?
3, 7
Suppose -10057 = -8*r - 873. Suppose 25 = -0*q + 5*q, 0 = -4*f - 4*q + r. List the prime factors of f.
2, 3, 47
Let q be (-4)/((-24)/102)*(14 + 0). Suppose 3*r = q + 383. Suppose m - 55 = 2*a, -r = -5*m + 5*a + 73. What are the prime factors of m?
3, 19
Suppose -3*t = -5*p + 44, -p = -3*p + 4*t + 26. Let c(q) = 9*q**2 + 60*q + 104. Let b be c(-8). Suppose p*w = 2*w + b. What are the prime factors of w?
2, 5
Suppose 0 = a + 4*p - 2609 - 25229, 5*p + 25 = 0. What are the prime factors of a?
2, 3, 4643
Suppose -2*z + j + 70 = 0, -4*z + 136 = -3*j - 0*j. Suppose z*s = 69*s - 27616. What are the prime factors of s?
863
Suppose -49 = -5*x + 2*o + 48, -3*o + 75 = 3*x. Let n be ((-936)/x)/(-4)*(1 + 13). What are the prime factors of 0 + 2 + -2 + 9 + n?
3, 5, 11
Let o(g) = 59*g - 58*g - 6 - 1 + g**2. Let q be o(3). Suppose 2*j + 0*c = -q*c + 61, 0 = 4*j - c - 111. List the prime factors of j.
2, 7
Let r = -32053 + 55117. What are the prime factors of r?
2, 3, 31
Suppose -11*o = 8*o + 5*o - 961944. What are the prime factors of o?
149, 269
Suppose r + 4*p = 37103, 5*r = 4*r + 2*p + 37133. List the prime factors of r.
37123
Suppose -2*w + 6*w = 12. Let t(m) = 35*m**2 - 6*m + 5. What are the prime factors of t(w)?
2, 151
Let w(z) = -15*z**2 - z + 32*z**2 + 14*z**2 + 22*z**2. List the prime factors of w(2).
2, 3, 5, 7
Suppose -3*a = 3*f - 42258, 12*f - 9*f = -2*a + 28167. What are the prime factors of a?
3, 7, 11, 61
Let z = -5406 - -3246. Let n = -1162 - z. What are the prime factors of n?
2, 499
Let g = 540 + -265. Let x = g - -21. What are the prime factors of x?
2, 37
Let z = 505 + -275. Suppose t - z = 4*a, 4*t - 1070 = -t + 4*a. List the prime factors of (t/(-15))/(5/3 + -2).
2, 3, 7
Suppose -107*o + 49*o = -41*o - 507365. What are the prime factors of o?
5, 47, 127
Suppose 0 = 2*n + 5*k - 50738, -19*k = 4*n - 18*k - 101512. List the prime factors of n.
41, 619
Let p be (4/6)/(1 - (-76)/(-84)). Suppose 4*c - 14 = 3*g - p, g = -5*c + 4. What are the prime factors of 4*g*(-81)/6?
2, 3
Let o(l) be the second derivative of 41*l**3/3 - 21*l**2/2 + l - 14. List the prime factors of o(5).
389
Let f(j) = 19*j**2 - 302*j + 61. List the prime factors of f(29).
2, 11, 331
Let m = 1040 + 224. Suppose 2*n + 316 = m. What are the prime factors of n?
2, 3, 79
Let a(t) = 77*t + 20. Suppose 31 = 14*c - 11. What are the prime factors of a(c)?
251
Let d(a) = 26*a + 43*a**2 + 2*a**3 - 3*a**3 - 18*a**2 - 8 - 50. List the prime factors of d(25).
2, 37
Suppose -3*l - 3*s + 8 = -13, -3*l = 4*s - 25. Suppose -6*w + w = -z - 2511, -5*w + l*z + 2503 = 0. List the prime factors of w.
503
Let s be (7 - -431)/((-3)/(-4)). Let k = -230 + s. List the prime factors of k.
2, 3, 59
Suppose 26505 = 3*f - 3*b, 5*f + 22*b - 17*b - 44135 = 0. What are the prime factors of f?
8831
Suppose 22*o - 176 = 0, 22*l = 20*l - 5*o + 24184. List the prime factors of l.
2, 3, 503
Suppose -819*r - 3303882 = -878*r. What are the prime factors of r?
2, 3, 17, 61
Suppose -67*z - 23*z = -1144660 + 20830. What are the prime factors of z?
12487
Let j(r) = -21*r**2 + 3*r - 6. Let x be j(4). Let s = -140 - x. Suppose 2*y = 4*y - s. What are the prime factors of y?
5, 19
Let v(m) = m**3 + 16*m**2 + 15*m - 15. Let o be v(-15). Let p = o + 22. Suppose -12*c + 270 = -p*c. What are the prime factors of c?
2, 3
What are the prime factors of 10245 + 3 - (0 - 15/(-3))/(-1)?
10253
Suppose 2*q = -0*q - 4. Let m = -3815 + 3813. List the prime factors of (-12)/(-4) - (q/m + -25).
3
Suppose -15*t + 11*t + 62357 = -d, 2*d = 4*t - 62362. What are the prime factors of t?
2, 3, 433
Let c(a) = 12295*a**2 - 372*a - 4. What are the prime factors of c(2)?
2, 3, 1009
Let z be (2/(-4) - (-6282)/36) + -3. List the prime factors of (5/3)/(-6 + 1029/z).
5, 19
Suppose 4*y - y + 26 = -5*v, 5*y + 62 = v. Let c(p) = 8*p - 33. Let m be c(y). Let x = m - -222. List the prime factors of x.
3, 31
List the prime factors of (-12)/264 - 31248945/(-770).
40583
Suppose 0 = -6*m + 516 - 36. Let b be (7413/5)/(8/m). List the prime factors of 2/14 + b/147.
101
Let x(u) = -10*u + 20. Let c be x(5). Let t = -61 - c. Let i = t + 123. What are the prime factors of i?
2, 23
Suppose -5*g = -6*g + 13. Suppose 0 = g*m - 6*m - 3493. What are the prime factors of m?
499
Let x(u) = -u**3 + 62*u**2 - 108*u - 184. List the prime factors of x(51).
13, 41, 43
Let u(l) = 1151*l**3 - 15*l + 14. Suppose 64*x - 35*x - 29 = 0. List the prime factors of u(x).
2, 5, 23
Let k = 24111 + -16068. What are the prime factors of k?
3, 7, 383
Let h(j) = 4*j - 27. Let c be h(8). Suppose -l = -2*m - 35, -116 = -7*l + 4*l - c*m. List the prime factors of l + (-1 - 1)/2.
2, 3
Let s(w) = 64*w - 63*w + 2 + 21. Let b be s(-25). What are the prime factors of ((-7)/((-35)/(-12)))/(b/115)?
2, 3, 23
List the prime factors of ((-195)/(-6)*5/(-25))/((-2)/6548).
13, 1637
Suppose p = -7*p + 432. Let o = p - 52. Suppose -4*b + 93 = -c, 71 + 27 = 4*b - o*c. List the prime factors of b.
2, 11
Suppose -45*a = -25*a - 53280. List the prime factors of a.
2, 3, 37
Suppose 61*j = 17*j + 88. Suppose -5*k + 503 = 2*h, 0*k + 498 = j*h + 4*k. What are the prime factors of h?
239
Let i be (-30636)/(-48) - 5/4. Suppose i = -5*w - g + 3275, 5*w = 5*g + 2620. Suppose -10*d = -743 - w. What are the prime factors of d?
127
Let n(j) be the third derivative of j**5/60 - j**4/24 + 37*j**2. Let r be n(-2). Suppose -3*d + r*d = 804. List the prime factors of d.
2, 67
Let r be 11/(-2)*22*1. Suppose -26*v + 2848 = -10*v. Let w = r + v. What are the prime factors of w?
3, 19
Let g be (-34379)/(-217) + ((-4)/(-7))/1. Suppose -g = -6*n + 1167. List the prime factors of n.
13, 17
Let i = -137 + 677. Let y = i + -203. List the prime factors of y.
337
Let w = 2675 - 2620. What are the prime factors of w?
5, 11
Suppose -8 - 94 = -6*q. Let c be (744/30)/((-3)/(2 - q)). Suppose -c - 443 = -7*z. What are the prime factors of z?
3
Let r be 4/(-26) - 5/((-260)/268). Suppose r*u - 33 = -2*s, -5*s = -s + 4. Suppose 2*y = u*y - 135. What are the prime factors of y?
3
Suppose 2*s = 282 + 144. Suppose -2*b - b - p = -s, p - 285 = -4*b. Let y = 166 - b. List the prime factors of y.
2, 47
Let c be ((-110)/(-6))/(1/(-6)). Suppose 0 = t - w - 14, 3*w = -5*t + 53 + 49. Let n = t - c. What are the prime factors of n?
2
Let w = 947 + -440. Suppose -j = -4*z + w, z = -0*z + 3*j + 135. List the prime factors of z.
2, 3, 7
Suppose -5*y - 7*y = -4*y. Suppose 4*w + 2048 = 5*j - j, y = -j - 4*w + 537. What are the prime factors of j?
11, 47
Suppose -w = 14*i - 13*i - 2555, 0 = 2*w - i - 5098. List the prime factors of w.
2551
Let a be 585/10*2*(2 + -1). Let g(i) = 2 + 6 - a*i - 6. What are the prime factors of g(-1)?
7, 17
Suppose -5*x - 7*i + 11*i + 278822 = 0, 13*i = -3*x + 167401. What are the prime factors of x?
2, 3, 5, 11, 13
Suppose -2*u - 5*n = u + 13, -2*n = -5*u + 30. Let z be (-241 - u/(12/9))/(-2). Suppose -z - 188 = -5*b. What are the prime factors of b?
